base 8.
-5204415
What is -120303234 (base 5) in base 4?
-2013322112
Convert -22b94 (base 13) to base 11.
-43784
Convert 435502 (base 6) to base 14.
d2d8
-101154331 (base 6) to base 9
-3243821
Convert -12121112002 (base 3) to base 2.
-11010111101111011
Convert -1100110110110111110 (base 2) to base 9.
-711832
259497 (base 10) to base 14
6a7d7
What is 161747 (base 9) in base 13?
36535
373494 (base 10) to base 4
1123023312
-714970 (base 15) to base 9
-11112486
-321200404 (base 5) to base 2
-101001001100111011000
What is 1000111111100100011111 (base 2) in base 3?
11102202221010
-231a1 (base 11) to base 8
-101343
230210132 (base 4) to base 15
39158
What is 5676146 (base 10) in base 5?
2423114041
Convert -556134 (base 7) to base 10.
-98172
411801 (base 11) to base 5
132124040
What is -17c816 (base 13) in base 8?
-2221653
What is -10342222 (base 5) in base 11?
-61942
What is -10061511 (base 7) in base 9?
-1517236
Convert 1000001100111100100 (base 2) to base 6.
5432152
e9cf1 (base 16) to base 13
276b9a
16230476 (base 8) to base 7
43600401
What is 330320013 (base 4) in base 15?
4dd36
What is -43a1 (base 14) in base 5?
-333310
What is -1001101110110111110 (base 2) in base 16?
-4ddbe
17b14 (base 14) to base 3
10001000202
-4b301 (base 16) to base 12
-12a281
9572 (base 10) to base 16
2564
What is 437ca (base 13) in base 5?
12402214
a2124 (base 12) to base 4
303200230
What is 22111133221 (base 4) in base 16?
2957e9
Convert -1400001 (base 7) to base 13.
-661c5
606034 (base 8) to base 7
1461145
Convert 294 (base 13) to base 5.
3314
What is 233241 (base 5) in base 7?
33663
Convert 13682b (base 14) to base 16.
a3da7
Convert 680cc (base 13) to base 2.
101110001010110110
What is -1743457 (base 9) in base 13?
-2811b8
What is -1227599 (base 10) in base 6?
-42151155
1d7d16 (base 14) to base 10
1059008
What is 112001201022 (base 3) in base 10?
276812
43215513 (base 6) to base 3
2101220212000
201533 (base 11) to base 12
137662
What is -202287 (base 9) in base 8?
-351765
What is 1433144042 (base 5) in base 10?
3803022
What is 2301130032 (base 5) in base 2?
10011011100110100001111
What is 1432006 (base 8) in base 16?
63406
Convert -4b207 (base 16) to base 13.
-aa0a9
Convert -124201524 (base 6) to base 13.
-676720
Convert -366786 (base 11) to base 8.
-2154526
What is 1512276 (base 9) in base 6?
25521240
-760422 (base 9) to base 3
-212000110202
What is 1433105 (base 7) in base 10?
193163
-1167452 (base 10) to base 9
-2168388
What is 7351 (base 12) in base 16?
312d
What is -51401 (base 13) in base 3?
-21101211112
What is -eb31 (base 16) in base 2?
-1110101100110001
What is 302216526 (base 7) in base 8?
103010447
1107712 (base 8) to base 12
12500a
What is 427151 (base 9) in base 4?
332021110
-157a2 (base 11) to base 3
-1010112021
Convert 3401541 (base 6) to base 2.
101001110111100101
Convert -15253706 (base 8) to base 3.
-20120121102222
247d5 (base 14) to base 7
521355
What is -470404 (base 10) in base 13?
-13615c
Convert -20003 (base 11) to base 8.
-71145
-1222110011212 (base 3) to base 16
-100dae
Convert -432300131 (base 5) to base 10.
-1837541
Convert -121253611 (base 7) to base 13.
-1753738
Convert -2034412 (base 6) to base 16.
-17fa8
Convert 44233202 (base 6) to base 10.
1326530
1022002300 (base 4) to base 9
512017
What is 2313323001 (base 4) in base 5?
143101340
4134404 (base 5) to base 10
68104
Convert 177558 (base 13) to base 3.
1002211220220
What is -1412211 (base 7) in base 6?
-4010410
1017558 (base 9) to base 7
4422506
-241422030 (base 6) to base 16
-4593a2
What is 1488a5c (base 13) in base 3?
110100021101000
What is 6816 (base 15) in base 8?
53067
What is -21001143 (base 5) in base 3?
-22202000011
Convert 12253454 (base 6) to base 4.
1200231022
Convert -424473 (base 10) to base 2.
-1100111101000011001
672cd0 (base 14) to base 4
31113130012
What is -1134153 (base 6) in base 10?
-59253
Convert -209070 (base 10) to base 8.
-630256
Convert -305c7 (base 13) to base 10.
-86691
Convert -243562 (base 11) to base 5.
-44312312
Convert 1410200 (base 7) to base 12.
90528
Convert 21717740 (base 8) to base 16.
479fe0
What is -110100000001011001100 (base 2) in base 10?
-1704652
What is -24400451 (base 6) in base 14?
-163635
Convert 62156320 (base 8) to base 15.
125056d
Convert 464063 (base 7) to base 11.
57441
Convert -40462650 (base 7) to base 8.
-14703265
Convert -342234310 (base 5) to base 2.
-101110100001001101010
-10135240 (base 6) to base 12
-121520
9045 (base 12) to base 2
11110011110101
Convert -22909 (base 10) to base 3.
-1011102111
What is -2a0778 (base 13) in base 2?
-11111011010101100110
7e2e5 (base 15) to base 3
202102211122
Convert 89772 (base 10) to base 7.
522504
983a72 (base 11) to base 9
2855171
Convert 13975 (base 13) to base 10.
36769
Convert 252db8 (base 16) to base 14.
475d44
43415 (base 7) to base 16
2a59
Convert 2061261 (base 7) to base 2.
111101000101001100
What is -22311220202 (base 4) in base 5?
-1211403442
-213131342 (base 7) to base 3
-212221210010112
-140532 (base 7) to base 16
-6837
-1101000111010110110 (base 2) to base 9
-724450
What is 11724 (base 12) in base 8?
55714
What is -249088 (base 11) in base 16?
-5fe25
Convert 143457 (base 9) to base 15.
1b071
What is 427148 (base 9) in base 5?
31121141
4215310 (base 6) to base 12
9a536
-540004 (base 10) to base 2
-10000011110101100100
What is 1637a0 (base 14) in base 5?
144344224
What is 2014304 (base 7) in base 15?
4ad32
What is 10111001101111100 (base 2) in base 8?
271574
Convert 4512144 (base 9) to base 4.
21101003131
What is -154663 (base 7) in base 15?
-909d
Convert -2320132212 (base 4) to base 7.
-6264660
Convert 5780341 (base 9) to base 10.
3123316
Convert -9a163 (base 15) to base 3.
-220212201210
-11010101011111101111111 (base 2) to base 7
-113315014
82c83e (base 15) to base 13
1399667
Convert -20303003311 (base 4) to base 5.
-1042300133
35664116 (base 7) to base 16
307484
-1152cb0 (base 13) to base 10
-5347472
What is -4bd5a (base 16) in base 7?
-2432410
Convert -21b068 (base 14) to base 2.
-100010111011000010100
What is -7a6908a (base 11) in base 7?
-230641664
-62005223 (base 7) to base 15
-6c450b
Convert -21d20 (base 16) to base 15.
-2b0a3
1a8c13 (base 15) to base 11
805235
Convert -2aa9 (base 14) to base 9.
-11371
Convert 30232244 (base 5) to base 11.
15648a
Convert 10023021103 (base 5) to base 12.
3409921
Convert 11010010100101110101 (base 2) to base 12.
357219
111000412 (base 5) to base 15
9883c
Convert -170761 (base 12) to base 4.
-1200130321
646849 (base 13) to base 9
4381571
Convert -31505130 (base 6) to base 4.
-3202030032
Convert -370819 (base 11) to base 7.
-4662200
-250723 (base 12) to base 8
-2230413
Convert 5902461 (base 10) to base 11.
3371674
-211000200221 (base 3) to base 9
-730627
What is 1101101100100001111 (base 2) in base 4?
1231210033
Convert -202792 (base 12) to base 7.
-4161152
Convert 212855 (base 9) to base 10.
126815
Convert 101432244 (base 5) to base 14.
ad59b
4233356 (base 8) to base 3
2010022120020
-530482 (base 12) to base 7
-14052422
What is -20b82b (base 12) in base 9?
-868328
What is 7273 (base 11) in base 15?
2cc9
-1001021023 (base 4) to base 6
-5415151
Convert a5bca (base 14) to base 16.
61b56
-1cba37 (base 14) to base 10
-1031009
Convert -552100 (base 6) to base 16.
-b304
Convert -210035443 (base 6) to base 5.
-1413104212
What is 368784 (base 12) in base 10?
885844
Convert 2026603 (base 7) to base 2.
111011001100010111
-2baa79a (base 13) to base 2
-110101100101011000001011
Convert -241635 (base 9) to base 13.
-51362
Convert -977a91 (base 13) to base 4.
-31210311133
What is 1221000111 (base 3) in base 5?
2203141
225304023 (base 6) to base 9
7765176
Convert 316084 (base 11) to base 15.
9ed4c
What is 3e5b1 (base 15) in base 6?
4143504
Convert 1252214220 (base 6) to base 14.
1db15c0
What is 169e (base 15) in base 9?
6615
825c8 (base 13) to base 5
24441031
Convert 34656524 (base 8) to base 5.
3413414112
Convert -5e417 (base 16) to base 12.
-167507
10a2b (base 12) to base 13
a157
Convert 72511034 (base 8) to base 11.
874a919
Convert -1111100010001110001110 (base 2) to base 7.
-46420460
-122209 (base 10) to base 4
-131311201
12002122 (base 5) to base 6
2203410
What is 25375025 (base 9) in base 5?
11141344020
Convert -2011133 (base 11) to base 7.
-42152553
Wh